 by 9.
4
Let d = -84 + 193. Let i = 47 - 32. Calculate the remainder when d is divided by 280/i*(2 - -1).
53
Let c(o) = 10*o**2 + 1. Let m be c(-1). Suppose -d + 81 = 2*a, 0 = -a - 3*d + 27 + m. Calculate the remainder when 161 is divided by a.
38
Suppose 15*n = -16*n - 93. Calculate the remainder when ((-42)/5)/(n*10/375) is divided by 59.
46
Let d(n) = -n**2 + 83*n - 1695. Calculate the remainder when 40 is divided by d(44).
19
Suppose -60*h + 1951446 = 72*h - 35*h. Calculate the remainder when h is divided by 11.
10
Let i(y) = 17*y + 226. Let p be i(-13). Suppose -5*w - p*z + 365 = -z, -2*w + 143 = z. What is the remainder when w is divided by 29?
11
Let m(v) = -2*v**2 + 4*v - 3. Let p be m(2). What is the remainder when (p/(-4))/1*(1 + 35) is divided by 2 + 3 - 6/8*-4?
3
What is the remainder when 2019/1346*12848/6 is divided by 1061?
29
Suppose -n = 4*m - 39, 4*n = -4*m + 3*m - 9. Suppose 86 = m*k + 31. Calculate the remainder when 51 is divided by k.
1
Let k = 131 + -128. Suppose k*d - 223 = v + v, 5*v = -25. Let j = -9 - -21. What is the remainder when d is divided by j?
11
Let p(q) = -q**3 + 13*q**2 + 11*q - 7. Let c be p(14). Let t = c + 62. Calculate the remainder when (1 + 28)/(1/4) is divided by t.
12
Let l = -1037 - -1128. Calculate the remainder when l is divided by 9.
1
Let k = -134 - -37. Let b = -81 - k. What is the remainder when 239 is divided by b?
15
Let k(t) = -t**3 - 8*t**2 - 7*t + 10. Suppose f + 34 - 38 = 0. Suppose -q = -4*p + 11, 4*q = -0*p - f*p - 24. What is the remainder when k(q) is divided by 3?
1
Let w = 824 + -711. Let h be (30/(-9) + 3)*141. Let u = -28 - h. What is the remainder when w is divided by u?
18
Let z(r) = 18*r**2 + 3*r + 3. Let a(s) = -s**2 - s - 1. Let b(j) = 4*a(j) + z(j). Calculate the remainder when (-205)/(-3) - (-28)/42 is divided by b(-1).
13
Suppose 2*d + 140 + 52 = -m, 4*d + 382 = -m. Let t = d + 100. What is the remainder when t is divided by 2?
1
Suppose 3*k = 2*l + 161 - 80, -81 = -3*k + 4*l. Calculate the remainder when 307 is divided by k.
10
Suppose -74*i + 72*i = -76. Let b = -901 + 927. Calculate the remainder when i is divided by b.
12
Calculate the remainder when 627 is divided by ((-630)/(-5))/9 + -5 + 140.
31
Let k(n) = -n**2 + 64*n + 3669. What is the remainder when 18359 is divided by k(-35)?
203
Suppose 4*t + 5*d + 150 = 5*t, 2*t + 2*d = 324. Calculate the remainder when 296 is divided by t.
136
Let o = -56 - -73. Suppose 6*k - o*k = -209. Calculate the remainder when k is divided by 12.
7
Let j = -19 + -3. Let y = -16 - j. Calculate the remainder when 10 is divided by y - (6/3 - 2).
4
Let x = -11749 - -11756. Calculate the remainder when 1268 is divided by x.
1
Suppose -f + 33 = -3*z, 3*z = -5*f + 4*z + 109. Let s be 15/(-10)*176/24. What is the remainder when -94*6/(-4) + (-44)/s is divided by f?
19
Suppose -10*d - 5*o + 61 + 1529 = 0, -800 = -5*d - 5*o. What is the remainder when 307 is divided by d?
149
Suppose 2*m + 27 = 109. Suppose 3*q - 104 = -23*q. Suppose -27*p + q = -28*p - 3*h, 5*p = 5*h + 80. Calculate the remainder when m is divided by p.
8
Let m(l) = l**3 - 2*l + 2. Let z(v) be the first derivative of -v**3/3 + 5*v**2 + 11*v + 25. Calculate the remainder when z(8) is divided by m(2).
3
Suppose 4*l - 35*w - 6487 = -38*w, -l + 4*w + 1655 = 0. What is the remainder when l is divided by 74?
73
Let m = 1785 - 1041. Let v be (-5)/(45/(-66)) - 4/12. Suppose v*x - x = m. What is the remainder when x is divided by 18?
16
Let o = 716 - 251. Let t = o + -442. Calculate the remainder when 31 is divided by t.
8
Let w(c) = -c**3 - 2*c - 1. Suppose -3*t - 2*a + 448 = 3*a, 0 = -5*t + 4*a + 796. Let v = t + -151. What is the remainder when w(-2) is divided by v?
1
Suppose -5*f + 8*f - 120 = 0. Let t = 4 - f. What is the remainder when 79 is divided by 7*(t/(-7) - 2) - 2?
19
Let x = -16081 - -16809. What is the remainder when x is divided by 241?
5
Suppose -145 = -4*a - 372 + 503. Calculate the remainder when 836 is divided by a.
8
Let i be 5 - (7 + -4 + -6). Let p = -84 - -122. Calculate the remainder when ((-8547)/154)/((-3)/i) is divided by p.
34
Suppose -366 + 14 = -16*t. Suppose -3*p - t = -r, 2*p + 3*p = -15. What is the remainder when ((-6)/(-2))/3 - -100 is divided by r?
10
Let a(l) = 2*l**2 + 23*l + 99. Suppose -6*g + 2885 - 2195 = 0. What is the remainder when g is divided by a(-7)?
7
Suppose 0 = -31*r + 23328 - 6743. Calculate the remainder when r is divided by 79.
61
Let k = 142 + -304. Let z = k - -177. Calculate the remainder when 59*3/(2 + 1) is divided by z.
14
Let g(b) = -2*b**2 + 215*b - 100. What is the remainder when 2644 is divided by g(107)?
5
Suppose -o - 6 = -n - 187, 0 = n + 7. What is the remainder when 2060 is divided by o?
146
Suppose 62 - 137 = -3*g. Let t = -253 + 256. What is the remainder when g is divided by t?
1
Suppose 428*t - 51915 - 17849 = 0. What is the remainder when t is divided by 62?
39
Let l = -76 + 139. Let s be (14/l)/(3/27). Suppose s*w - 4*d = 46, -2*w + 6*w + d - 128 = 0. What is the remainder when 122 is divided by w?
29
Let h be (-20)/((-35)/7)*-1. Suppose 3*m - 146 = 7. What is the remainder when m is divided by 6/h - 15/(420/(-574))?
13
Let d = 2375 - 1993. What is the remainder when 825 is divided by d?
61
Let r = 2251 - 1931. Calculate the remainder when r is divided by 60.
20
Let w be 4 + (-4389)/22 + (-1)/2. Let v = w - -220. What is the remainder when 45 is divided by v?
21
Let f(o) = -o**2 + 16*o - 58. Let c be f(6). Suppose 2*w + 2 - 8 = -4*j, -24 = -4*w - c*j. What is the remainder when 167 is divided by w?
6
Let m be (4 + -4)*(-3)/(-6) - -128. Let g = -122 + m. What is the remainder when 18 is divided by g?
0
Let t be (0 + 0)/(-7 - -8) + 3. Suppose 0 = t*b - 3*j - 615, b + 4*j - 220 = -0*b. What is the remainder when b is divided by 53?
49
Let c(o) = -o**3 - 5*o**2 + 37*o + 13. Let g be c(-9). Suppose 3*i - 25 = g*b, -i - 4*b - b = -21. Calculate the remainder when 97 is divided by i.
9
Calculate the remainder when 3629 is divided by 1 + (18/(-8))/((-201)/268).
1
Let p(o) = -4*o + 66. Let u be p(9). Suppose -15*q = -17*q + u. Calculate the remainder when 67 is divided by ((-4)/(-12))/(1/q).
2
Suppose -v + 14*v + 29*v - 1386 = 0. What is the remainder when 856 is divided by v?
31
Suppose -588*n - 203 + 526 = -569*n. Calculate the remainder when 3093 is divided by n.
16
Suppose 4 = l, 3*n + l + 578 - 657 = 0. What is the remainder when 3091 is divided by n?
16
Let v(z) = -4*z**3 + 55*z**2 + 16*z + 13. What is the remainder when 48 is divided by v(14)?
7
Suppose -3*v - 5*j - 140 = 0, 6*v + 216 = v - 4*j. Let n = v - -46. Suppose 12 = 3*c, 0 = 4*a + 2*c - n*c - 24. What is the remainder when a is divided by 6?
4
Let m(v) = -2*v**3 + 69*v**2 - 122*v - 163. What is the remainder when m(29) is divided by 3?
0
Let m(h) = 3*h**2 + 19*h - 380. Let v(b) = -b + 9. Let n be 10/(-25) - 37/(-5). What is the remainder when m(-15) is divided by v(n)?
0
Suppose -y + 136 = 3*b, -4*b + 4*y = -65 - 111. Calculate the remainder when 9 + (81 - 1) - (2 - -3) is divided by b.
39
Let m(h) be the second derivative of 5*h**3/6 + 3*h**2/2 - 61*h. Calculate the remainder when m(7) is divided by 6.
2
Let g be 2*(-2 + 12/3). Suppose -t - 4*b + 431 = 0, t + 5*b = -g*t + 2095. Calculate the remainder when t is divided by 32.
31
Suppose -55 = -7*i + 2*i. Let r = 1003 + -1413. Calculate the remainder when (-2)/(-4) - r/20 is divided by i.
10
Let x(h) = h**3 + 14*h**2 + 5*h - 3. Let z be x(-14). Let q = -34 - z. Let w = q + -38. Calculate the remainder when w is divided by 1.
0
Let b be (-36)/(-270) - 1757/15. Let s = 162 + b. What is the remainder when s is divided by 16?
13
Suppose -8 = 9*j - 5*j, 0 = -2*z + 5*j + 10. Suppose 2*a - 3*a + 147 = z. Calculate the remainder when a is divided by 20.
7
Let u = 5962 - 5932. Let g = 127 - 38. What is the remainder when g is divided by u?
29
Suppose 0 = 239*v - 210*v - 6119. What is the remainder when v is divided by 27?
22
Suppose -44*p = -4*u - 45*p + 69, -12*p = -u + 103. What is the remainder when 6530 is divided by u?
13
Suppose 0 = 3*u - y + 1130, 0 = -u - y - 97 - 281. Let d = -246 - u. What is the remainder when d is divided by 70?
61
Let i = -1478 + 2191. Calculate the remainder when i is divide